 25*h - 311. Calculate k(51).
1015
Let l(v) = v**3 - 8*v**2 - 252*v + 2338. What is l(14)?
-14
Let k(l) = -4*l**3 - 32*l**2 - 1738*l - 3385. Calculate k(-2).
-5
Let f(x) = -22516*x - 1035780. Determine f(-46).
-44
Let k(b) = -4962*b + 9892. Determine k(2).
-32
Let t(d) = -d**2 - 815*d - 111146. Calculate t(-173).
-80
Let x(o) = -6*o**3 - 365*o**2 + 56*o - 292. Calculate x(-61).
13
Let y(i) = i**2 + 1298*i + 104729. Determine y(-86).
497
Let d(h) = -7684*h + 153771. Calculate d(20).
91
Let s(g) = g**2 + 215*g - 5140. Determine s(21).
-184
Let d(z) = -z**2 + 3711*z + 543136. Determine d(-141).
4
Let r(m) = -1302*m - 29965. Determine r(-23).
-19
Let b(c) = -c**3 + 322*c**2 + 19879*c + 228. What is b(-53)?
16
Let x(n) = -10384*n - 51948. Determine x(-5).
-28
Let u(x) = -2373*x - 60374. Determine u(-25).
-1049
Let s(t) = 400*t**2 - 2419*t + 115. Determine s(6).
1
Let v(c) = 2*c**3 + 789*c**2 + 1104*c - 29477. Determine v(-393).
-2
Let d(j) = 24998*j + 149870. Give d(-6).
-118
Let p(o) = 38517*o - 10746239. Determine p(279).
4
Let d(f) = 305*f - 6247. Give d(19).
-452
Let v(b) = -166*b**2 + 925*b - 4. What is v(7)?
-1663
Let u(j) = 3752*j - 123884. Calculate u(33).
-68
Let o(t) = t**2 - 49*t - 1562. Determine o(35).
-2052
Let z(q) = -224*q**2 + 7397*q - 221. Give z(33).
-56
Let k(x) = 2369*x + 3290. Calculate k(-2).
-1448
Let i(o) = o**3 - 417*o**2 - 10*o + 4303. Determine i(417).
133
Let t(b) = -18625*b - 260760. Determine t(-14).
-10
Let u(n) = -18*n + 202. Determine u(-102).
2038
Let z(y) = -40300*y + 24945696. What is z(619)?
-4
Let f(m) = 6743*m - 701264. Calculate f(104).
8
Let g(d) = -85625*d + 599272. What is g(7)?
-103
Let v(r) = 2*r**3 - 5*r**2 - 144*r + 964. Determine v(-10).
-96
Let x(j) = -2841*j - 440666. Determine x(-155).
-311
Let v(b) = -314804*b - 314802. Give v(-1).
2
Let g(f) = -f**3 - 23*f**2 - 201*f - 4738. What is g(-24)?
662
Let z(r) = r**3 + 7*r**2 - 1180*r - 10483. Determine z(-9).
-25
Let t(w) = -1306*w - 9163. Calculate t(-7).
-21
Let z(u) = 1169813*u + 5849070. Calculate z(-5).
5
Let a(r) = -r**2 - 156*r - 6017. Calculate a(-71).
18
Let k(n) = -8*n**2 + 2360*n - 136508. Determine k(216).
4
Let t(f) = -2*f**2 - 408*f - 3177. Determine t(-196).
-41
Let f(l) = 2328*l + 9011. Calculate f(-4).
-301
Let s(l) = l**3 - 162*l**2 - 357*l + 4747. What is s(164)?
-9
Let l(j) = -1651*j + 153544. Give l(93).
1
Let a(p) = -386*p - 30166. What is a(-78)?
-58
Let f(t) = -96*t - 1054. What is f(-30)?
1826
Let u(x) = x**3 + 2*x**2 - 22*x + 16. Determine u(4).
24
Let k(t) = -t**2 + 981*t - 5771. Calculate k(6).
79
Let a(t) = t**3 + 15*t**2 + 125*t + 1324. What is a(-13)?
37
Let j(x) = 11*x**3 - 742*x**2 + 332*x + 93. Calculate j(67).
-108
Let f(g) = 3837*g - 30. Determine f(0).
-30
Let y(r) = r**2 + 1189*r - 16802. What is y(14)?
40
Let h(r) = 2*r**2 - 5349*r + 32034. Calculate h(6).
12
Let n(w) = -6514*w + 6509. Calculate n(1).
-5
Let p(r) = -355*r**2 + 287*r - 552. Determine p(2).
-1398
Let r(f) = -f**2 + 76*f + 13046. What is r(158)?
90
Let a(j) = 2816*j + 5584. Determine a(-2).
-48
Let z(t) = t**2 - 758*t + 64683. Give z(98).
3
Let i(g) = -34899*g - 69792. Give i(-2).
6
Let t(o) = 19385*o + 116317. Give t(-6).
7
Let w(b) = -61319*b - 3065954. Calculate w(-50).
-4
Let q(s) = -12*s**2 - 3255*s + 9774. Determine q(3).
-99
Let z(v) = v**3 + 73*v**2 + 287*v + 679. Calculate z(-69).
-80
Let f(r) = r**3 + 23*r**2 + 158*r + 328. Give f(-10).
48
Let u(w) = -2595*w**2 + 59683*w + 36. Determine u(23).
-10
Let n(l) = -l**3 + 3419*l**2 - 34244*l + 1529. Give n(10).
-11
Let x(g) = 894*g - 107259. Determine x(120).
21
Let d(n) = -10*n + 662. What is d(40)?
262
Let q(w) = -7343*w - 36714. Calculate q(-5).
1
Let z(n) = -2763*n + 1298547. Determine z(470).
-63
Let b(t) = -3*t**3 - 161*t**2 + 143*t + 4854. Determine b(-54).
48
Let n(x) = x**3 + 80*x**2 + 156*x + 7964. Give n(-79).
1881
Let b(k) = -5*k**3 + 2125*k**2 + 2121*k + 3760. Give b(426).
-74
Let y(z) = 45607*z + 91420. Give y(-2).
206
Let g(b) = -3*b**3 + 54*b**2 - 170*b + 733. Determine g(13).
1058
Let u(h) = 2*h**3 + 2*h**2 - 373*h + 1837. Determine u(5).
272
Let m(z) = 49*z**2 + 479*z + 43. Determine m(-9).
-299
Let t(h) = -27*h**3 - 109*h**2 - 22*h + 23. What is t(-4)?
95
Let t(k) = -4*k**2 - 210*k + 10842. Determine t(32).
26
Let n(c) = -c**3 - 3*c**2 + 114*c - 5. Determine n(9).
49
Let u(o) = -7*o**3 - 3*o**2 + 44*o + 216. Calculate u(-4).
440
Let l(v) = 33*v - 229. Give l(11).
134
Let r(w) = -7*w**3 - 79*w**2 - 60*w + 6. Calculate r(0).
6
Let k(p) = -4*p**2 - 387*p + 7272. Calculate k(16).
56
Let z(y) = 2*y**3 - 306*y**2 - 1256*y + 39. Calculate z(157).
39
Let c(i) = -6983*i - 363104. Give c(-52).
12
Let r(b) = b**3 + 54*b**2 + 297*b + 137. Give r(-48).
-295
Let r(t) = 8053*t - 16022. Determine r(2).
84
Let i(b) = 337*b**3 - 3*b**2 + 57*b + 59. Give i(-1).
-338
Let r(p) = -p**2 - 57*p + 6387. Determine r(-114).
-111
Let q(p) = -1001*p - 141296. Give q(-141).
-155
Let p(z) = 149*z + 2216. Calculate p(-24).
-1360
Let k(o) = 166770*o - 833846. Give k(5).
4
Let s(k) = -k**3 + 31*k**2 - 249*k + 220. Determine s(18).
-50
Let w(h) = -h**3 - 35*h**2 + 369*h + 14305. What is w(-33)?
-50
Let j(t) = 8*t**2 + 1186*t + 9155. Give j(-8).
179
Let z(r) = 19*r + 8296. What is z(-398)?
734
Let r(c) = -898*c - 73679. Give r(-82).
-43
Let t(g) = -g**3 - 7*g - 78. Give t(-4).
14
Let v(l) = 266*l**2 + 13040*l + 30. Calculate v(-49).
-264
Let l(r) = 14*r**3 - r**2 + 254*r + 254. Calculate l(-1).
-15
Let q(n) = -2*n**3 + 189*n**2 - 165*n + 6681. What is q(94)?
7
Let i(n) = 14*n**2 + 694*n + 2786. Calculate i(-45).
-94
Let y(k) = -6*k**2 + 5935*k - 755242. Give y(150).
8
Let z(m) = -18*m**2 - 43*m - 632. Determine z(-9).
-1703
Let y(h) = -11*h**2 + 1862*h + 15587. Determine y(-8).
-13
Let s(q) = -11008*q - 31679. What is s(-3)?
1345
Let z(a) = -3*a**2 + 611*a - 27992. Give z(134).
14
Let c(b) = -b**2 + 36*b + 33207. What is c(-165)?
42
Let n(x) = 2*x**2 - 42*x - 205276. Give n(331).
-56
Let a(p) = -7*p**2 - 1114*p - 41361. Calculate a(-59).
-2
Let n(y) = 260*y - 8957. Determine n(36).
403
Let c(g) = 307210*g - 2764886. Calculate c(9).
4
Let s(c) = -c**3 + 43*c**2 - 424*c - 74. Calculate s(16).
54
Let d(f) = -4034*f - 177493. Determine d(-44).
3
Let k(u) = 33*u**2 + 11*u - 15. Calculate k(4).
557
Let m(z) = -2*z**3 + 629*z**2 + 349*z - 10715. What is m(315)?
-5
Let c(n) = -3635*n**2 - 72707*n - 36. Determine c(-20).
104
Let c(i) = -18*i**2 + 5293*i - 5290. Give c(1).
-15
Let c(l) = l**2 - 28912*l + 375683. Determine c(13).
-4
Let l(n) = -2*n**2 - 3839*n + 241735. Determine l(61).
114
Let o(f) = f**2 - 21555*f + 839102. Give o(39).
-22
Let r(d) = 2*d**3 + 54*d**2 + 86*d + 13. Determine r(-26).
-871
Let p(x) = -4*x**3 + 35*x**2 + 197*x - 1062. Determine p(4).
30
Let a(m) = -60*m - 990. Give a(33).
-2970
Let m(a) = -3*a**3 - 205*a**2 - 825*a + 131. Give m(-64).
-317
Let d(s) = -s**3 + 110*s**2 - 374*s - 5394. Determine d(106).
-94
Let x(g) = -5555*g - 61050. What is x(-11)?
55
Let a(v) = v**3 + 190*v**2 + 3803*v + 496611. Give a(-184).
-5
Let g(j) = -77029*j - 1694634. Calculate g(-22).
4
Let q(s) = 3*s**2 + 1807*s + 7241. Give q(-4).
61
Let v(o) = -o**3 + 30*o**2 + 383*o - 1192. Calculate v(39).
56
Let i(s) = 2*s**3 + 11*s**2 - 171*s + 57. Calculate i(8).
417
Let i(p) = -23*p**2 - 418*p - 35. Calculate i(-9).
1864
Let o(s) = -398713*s - 34289316. Determine o(-86).
2
Let w(b) = 2*b**3 - 6*b**2 + 137*b + 829. Calculate w(-6).
-641
Let y(b) = -b**2 - 723*b - 31760. Calculate y(-45).
-1250
Let d(h) = -207*h**3 + 5*h**2 - 3*h - 7. Calculate d(-2).
1675
Let d(h) = -8*h**2 + 5071*h - 25280. What is d(5)?
-125
Let r(u) = 5*u**2 - 1455*u - 60816. Give r(328).
-136
Let f(s) = 57*s**2 + 7*s + 448. What is f(-4)?
1332
Let l(g) = 1521*g + 8145. Determine l(-5).
540
Let q(h) = -605*h + 19392. Calculate q(31).
637
Let p(u) = 2673*u**3 + 43*u**2 + 35*u - 8. What is p(-1)?
-2673
Let r(x) = -3425*x + 3184. Calculate r(1).
-241
Let f(y) = -y**3 + 34*y**2 - 17*y + 286. Calculate f(0).
286
Let x(l) = -9744*l - 87686. Give x(-9).
10
Let i(y) = -y**3 + 26*y**2 + 185*y - 98. Determine i(-6).
-56
Let t(y) = -2*y**3 - 11*y**2 + 76*y + 8. Calculate t(5).
-137
Let h(i) = 229687*i + 2985928. Give h(-13).
-3
Let u(i) = 12*i**2 - 2413*i - 1214